s digit of 3044220?
0
What is the ten thousands digit of 612972?
1
What is the millions digit of 9525081?
9
What is the millions digit of 8751272?
8
What is the thousands digit of 15323924?
3
What is the millions digit of 1242916?
1
What is the units digit of 2999313?
3
What is the hundred thousands digit of 113088?
1
What is the ten thousands digit of 357379?
5
What is the units digit of 915646?
6
What is the units digit of 7082560?
0
What is the ten thousands digit of 6853754?
5
What is the hundreds digit of 3479?
4
What is the hundreds digit of 10049482?
4
What is the tens digit of 77207?
0
What is the tens digit of 696718?
1
What is the tens digit of 2985356?
5
What is the hundreds digit of 91296?
2
What is the tens digit of 10829531?
3
What is the units digit of 492084?
4
What is the ten millions digit of 13216485?
1
What is the thousands digit of 862242?
2
What is the millions digit of 14458827?
4
What is the ten thousands digit of 717644?
1
What is the hundred thousands digit of 621383?
6
What is the hundred thousands digit of 721877?
7
What is the units digit of 474202?
2
What is the ten millions digit of 11623632?
1
What is the units digit of 2550387?
7
What is the ten thousands digit of 156850?
5
What is the hundreds digit of 210725?
7
What is the ten thousands digit of 136181?
3
What is the tens digit of 3391806?
0
What is the ten thousands digit of 716352?
1
What is the hundred thousands digit of 234976?
2
What is the tens digit of 966087?
8
What is the hundreds digit of 2208569?
5
What is the units digit of 640324?
4
What is the hundreds digit of 4904649?
6
What is the units digit of 56497?
7
What is the hundreds digit of 523500?
5
What is the ten thousands digit of 25003?
2
What is the thousands digit of 19043?
9
What is the tens digit of 7517417?
1
What is the thousands digit of 462536?
2
What is the ten thousands digit of 656673?
5
What is the thousands digit of 33035?
3
What is the hundred thousands digit of 130444?
1
What is the thousands digit of 38280244?
0
What is the units digit of 116212?
2
What is the tens digit of 1456776?
7
What is the tens digit of 2869288?
8
What is the millions digit of 3334562?
3
What is the hundreds digit of 568097?
0
What is the thousands digit of 357776?
7
What is the ten thousands digit of 203223?
0
What is the ten thousands digit of 7310075?
1
What is the hundreds digit of 517429?
4
What is the hundreds digit of 14047490?
4
What is the hundred thousands digit of 945771?
9
What is the hundred thousands digit of 28081532?
0
What is the ten thousands digit of 108215?
0
What is the thousands digit of 7539412?
9
What is the ten thousands digit of 13072?
1
What is the hundred thousands digit of 268126?
2
What is the thousands digit of 4476723?
6
What is the hundred thousands digit of 6039918?
0
What is the ten thousands digit of 1940446?
4
What is the hundred thousands digit of 110988?
1
What is the thousands digit of 997878?
7
What is the hundred thousands digit of 269284?
2
What is the hundred thousands digit of 4959202?
9
What is the thousands digit of 437981?
7
What is the hundred thousands digit of 31422280?
4
What is the units digit of 552146?
6
What is the hundred thousands digit of 138135?
1
What is the hundreds digit of 1635205?
2
What is the millions digit of 6264887?
6
What is the tens digit of 2269787?
8
What is the hundreds digit of 637422?
4
What is the tens digit of 22232174?
7
What is the hundred thousands digit of 9428906?
4
What is the hundreds digit of 3579182?
1
What is the hundred thousands digit of 155991?
1
What is the thousands digit of 11833589?
3
What is the thousands digit of 821670?
1
What is the tens digit of 286509?
0
What is the hundreds digit of 1612117?
1
What is the units digit of 692068?
8
What is the ten thousands digit of 22423750?
2
What is the millions digit of 20616714?
0
What is the units digit of 12534170?
0
What is the ten thousands digit of 3713111?
1
What is the units digit of 3290077?
7
What is the tens digit of 36088?
8
What is the tens digit of 2338285?
8
What is the hundred thousands digit of 593344?
5
What is the millions digit of 7472230?
7
What is the hundreds digit of 11456491?
4
What is the thousands digit of 5432365?
2
What is the units digit of 1030136?
6
What is the tens digit of 376451?
5
What is the tens digit of 2999796?
9
What is the hundreds digit of 348180?
1
What is the millions digit of 1504651?
1
What is the ten thousands digit of 433072?
3
What is the hundreds digit of 753299?
2
What is the ten thousands digit of 576811?
7
What is the hundred thousands digit of 615351?
6
What is the tens digit of 5542288?
8
What is the thousands digit of 272552?
2
What is the hundred thousands digit of 286408?
2
What is the thousands digit of 1792967?
2
What is the hundreds digit of 8918763?
7
What is the units digit of 320683?
3
What is the ten thousands digit of 208650?
0
What is the tens digit of 358668?
6
What is the hundreds digit of 13984683?
6
What is the hundred thousands digit of 2979497?
9
What is the tens digit of 7436309?
0
What is the tens digit of 8661740?
4
What is the hundreds digit of 226839?
8
What is the hundreds digit of 166221?
2
What is the units digit of 1067230?
0
What is the ten thousands digit of 4660409?
6
What is the thousands digit of 39786?
9
What is the tens digit of 78587?
8
What is the tens digit of 415315?
1
What is the units digit of 944374?
4
What is the hundreds digit of 2319937?
9
What is the hundred thousands digit of 2038257?
0
What is the units digit of 1286516?
6
What is the thousands digit of 231786?
1
What is the hundred thousands digit of 308744?
3
What is the hundreds digit of 1218096?
0
What is the hundreds digit of 659217?
2
What is the hundreds digit of 5291442?
4
What is the millions digit of 5493823?
5
What is the thousands digit of 1161251?
1
What is the thousands digit of 12804?
2
What is the hundreds digit of 20425232?
2
What is the ten thousands digit of 498857?
9
What is the tens digit of 10045854?
5
What is the hundred thousands digit of 223432?
2
What is the hundred thousands digit of 5425469?
4
What is the ten thousands digit of 1812232?
1
What is the hundreds digit of 6138672?
6
What is the units digit of 845984?
4
What is the thousands digit of 905390?
5
What is the ten thousands digit of 28451182?
5
What is the ten thousands digit of 315159?
1
What is the hundreds digit of 107247?
2
What is the tens digit of 1989132?
3
What is the millions digit of 4209452?
4
What is the hundreds digit of 265209?
2
What is the hundred thousands digit of 2553595?
5
What is the hundreds digit of 284059?
0
What is the ten thousands digit of 2187047?
8
What is the units digit of 58323?
3
What is the millions digit of 1148689?
1
What is the tens digit of 2784271?
7
What is the units digit of 103785?
5
What is the units digit of 352101?
1
What is the tens digit of 608936?
3
What is the ten thousands digit of 187764?
8
What is the tens digit of 34267884?
8
What is the tens digit of 12152?
5
What is the units digit of 711659?
9
What is the units digit of 23259186?
6
What is the hundred thousands digit of 4264964?
2
What is the tens digit of 136576?
7
What is the millions digit of 2967974?
2
What is the units digit of 579329?
9
What is the hundreds digit of 6663350?
3
What is the ten thousands digit of 342006?
4
What is the thousands digit of 12540?
2
What is the hundreds digit of 1366608?
6
What is the millions digit of 11501680?
1
What is the tens digit of 506640?
4
What is the hundreds digit of 291037?
0
What is the units digit of 26120046?
6
What is the hundred thousands digit of 4206469?
2
What is the thousands digit of 176853?
6
What is the ten thousands digit of 8868875?
6
What is the thousands digit of 362027?
2
What is the thousands digit of 543950?
3
What is the units digit of 609054?
4
What is the ten thousands digit of 558640?
5
What is the hundred thousands digit of 900359?
9
What is the hundred thousands digit of 464562?
4
What is the hundred thousands digit of 2782110?
7
What is the ten thousands digit of 6709005?
0
What is the hundreds digit of 602068?
0
What is the units digit of 125401?
1
What is the units digit of 8224981?
1
What is the ten thousands digit of 1506983?
0
What is the units di